{"id":430,"date":"2023-05-03T14:24:41","date_gmt":"2023-05-03T14:24:41","guid":{"rendered":"https:\/\/iberoamericanaempresarial.org\/?page_id=430"},"modified":"2023-05-03T14:35:26","modified_gmt":"2023-05-03T14:35:26","slug":"politica-de-privacidad","status":"publish","type":"page","link":"https:\/\/iberoamericanaempresarial.org\/?page_id=430","title":{"rendered":"Pol\u00edtica de privacidad"},"content":{"rendered":"<style>.elementor-430 .elementor-element.elementor-element-28c5671:not(.elementor-motion-effects-element-type-background), .elementor-430 .elementor-element.elementor-element-28c5671 > .elementor-motion-effects-container > .elementor-motion-effects-layer{background-color:#474747;}.elementor-430 .elementor-element.elementor-element-28c5671{transition:background 0.3s, border 0.3s, border-radius 0.3s, box-shadow 0.3s;margin-top:-8%;margin-bottom:0%;padding:4em 0em 4em 0em;}.elementor-430 .elementor-element.elementor-element-28c5671 > .elementor-background-overlay{transition:background 0.3s, border-radius 0.3s, opacity 0.3s;}.elementor-430 .elementor-element.elementor-element-5949cda5{margin-top:0%;margin-bottom:0%;padding:5em 0em 5em 0em;}:root{--page-title-display:none;}@media(max-width:1024px){.elementor-430 .elementor-element.elementor-element-28c5671{margin-top:-16%;margin-bottom:0%;}}@media(max-width:767px){.elementor-430 .elementor-element.elementor-element-28c5671{margin-top:-39%;margin-bottom:0%;}}<\/style>\t\t<div data-elementor-type=\"wp-page\" data-elementor-id=\"430\" class=\"elementor elementor-430\" data-elementor-post-type=\"page\">\n\t\t\t\t\t\t<section class=\"elementor-section elementor-top-section elementor-element elementor-element-28c5671 elementor-section-boxed elementor-section-height-default elementor-section-height-default\" data-id=\"28c5671\" data-element_type=\"section\" data-e-type=\"section\" data-settings=\"{&quot;background_background&quot;:&quot;classic&quot;}\">\n\t\t\t\t\t\t<div class=\"elementor-container elementor-column-gap-default\">\n\t\t\t\t\t<div class=\"elementor-column elementor-col-100 elementor-top-column elementor-element elementor-element-d1d9247\" data-id=\"d1d9247\" data-element_type=\"column\" data-e-type=\"column\">\n\t\t\t<div class=\"elementor-widget-wrap\">\n\t\t\t\t\t\t\t<\/div>\n\t\t<\/div>\n\t\t\t\t\t<\/div>\n\t\t<\/section>\n\t\t\t\t<section class=\"elementor-section elementor-top-section elementor-element elementor-element-5949cda5 elementor-section-boxed elementor-section-height-default elementor-section-height-default\" data-id=\"5949cda5\" data-element_type=\"section\" data-e-type=\"section\">\n\t\t\t\t\t\t<div class=\"elementor-container elementor-column-gap-default\">\n\t\t\t\t\t<div class=\"elementor-column elementor-col-100 elementor-top-column elementor-element elementor-element-3d272288\" data-id=\"3d272288\" data-element_type=\"column\" data-e-type=\"column\">\n\t\t\t<div class=\"elementor-widget-wrap elementor-element-populated\">\n\t\t\t\t\t\t<div class=\"elementor-element elementor-element-62a0fa5f elementor-widget elementor-widget-text-editor\" data-id=\"62a0fa5f\" data-element_type=\"widget\" data-e-type=\"widget\" data-widget_type=\"text-editor.default\">\n\t\t\t\t<div class=\"elementor-widget-container\">\n\t\t\t\t\t\t\t\t\t\n<h2 class=\"wp-block-heading\"><strong>POL\u00cdTICA DE PRIVACIDAD<\/strong><\/h2>\n\n\n\n<h3 class=\"wp-block-heading\"><strong>1.<\/strong>&nbsp;<strong>INFORMACI\u00d3N AL USUARIO<\/strong><\/h3>\n\n\n\n<p>Sociedad No Mercantil: <strong>FUNDACI\u00d3N IBEROAMERICANA EMPRESARIAL-FUNDACAO IBEROAMERICANA EMPRESARIAL<\/strong>, como Responsable del Tratamiento, le informa que, seg\u00fan lo dispuesto en el Reglamento (UE) 2016\/679, de 27 de abril, (RGPD) y en la L.O. 3\/2018, de 5 de diciembre, de protecci\u00f3n de datos y garant\u00eda de los derechos digitales (LOPDGDD), trataremos sus datos tal y como reflejamos en la presente Pol\u00edtica de Privacidad.<\/p>\n\n\n\n<p>En esta Pol\u00edtica de Privacidad describimos c\u00f3mo recogemos sus datos personales y por qu\u00e9 los recogemos, qu\u00e9 hacemos con ellos, con qui\u00e9n los compartimos, c\u00f3mo los protegemos y sus opciones en cuanto al tratamiento de sus datos personales.<\/p>\n\n\n\n<p>Esta Pol\u00edtica se aplica al tratamiento de sus datos personales recogidos por la empresa para la prestaci\u00f3n de sus servicios. Si acepta las medidas de esta Pol\u00edtica, acepta que tratemos sus datos personales como se define en esta Pol\u00edtica.<\/p>\n\n\n\n<h3 class=\"wp-block-heading\"><strong>2. CONTACTO<\/strong><\/h3>\n\n\n\n<p>Denominaci\u00f3n social: Sociedad No Mercantil: <strong>FUNDACI\u00d3N IBEROAMERICANA EMPRESARIAL-FUNDACAO IBEROAMERICANA EMPRESARIAL<\/strong><\/p>\n\n\n\n<p>Nombre comercial: <strong>FUNDACI\u00d3N IBEROAMERICANA EMPRESARIAL-FUNDACAO IBEROAMERICANA EMPRESARIAL<\/strong><br>CIF: <strong>ES<\/strong>\u00a0<strong>G86788486<\/strong><br>Domicilio: <strong>PR\u00cdNCIPE DE VERGARA, N.\u00ba 187, 28002, MADRID, MADRID<\/strong><\/p>\n\n\n\n<p>E-mail: tenda@scottishteam.com<\/p>\n\n\n\n<h3 class=\"wp-block-heading\"><strong>3. PRINCIPIOS CLAVE<\/strong><\/h3>\n\n\n\n<p>Siempre hemos estado comprometidos con prestar nuestros servicios con el m\u00e1s alto grado de calidad, lo que incluye tratar sus datos con seguridad y transparencia. Nuestros principios son:<\/p>\n\n\n\n<ul class=\"wp-block-list\">\n<li><strong>Legalidad<\/strong>: Solo recopilaremos sus Datos personales para fines espec\u00edficos, expl\u00edcitos y leg\u00edtimos.<\/li>\n\n\n\n<li><strong>Minimizaci\u00f3n de datos<\/strong>: Limitamos la recogida de datos de car\u00e1cter personal a lo que es estrictamente relevante y necesario para los fines para los que se han recopilado.<\/li>\n\n\n\n<li><strong>Limitaci\u00f3n de la Finalidad<\/strong>: Solo recogeremos sus datos personales para los fines declarados y solo seg\u00fan sus deseos.<\/li>\n\n\n\n<li><strong>Precisi\u00f3n<\/strong>: Mantendremos sus datos personales exactos y actualizados.<\/li>\n\n\n\n<li><strong>Seguridad de los Datos<\/strong>: Aplicamos las medidas t\u00e9cnicas y organizativas adecuadas y proporcionales a los riesgos para garantizar que sus datos no sufran da\u00f1os, tales como divulgaci\u00f3n o acceso no autorizado, la destrucci\u00f3n accidental o il\u00edcita o su p\u00e9rdida accidental o alteraci\u00f3n y cualquier otra forma de tratamiento il\u00edcito.<\/li>\n\n\n\n<li><strong>Acceso y Rectificaci\u00f3n<\/strong>: Disponemos de medios para que acceda o rectifique sus datos cuando lo considere oportuno.<\/li>\n\n\n\n<li><strong>Conservaci\u00f3n<\/strong>: Conservamos sus datos personales de manera legal y apropiada y solo mientras es necesario para los fines para los que se han recopilado.<\/li>\n\n\n\n<li><strong>Las transferencias internacionales<\/strong>: cuando se d\u00e9 el caso de que sus datos vayan a ser transferidos fuera de la UE\/EEE se proteger\u00e1n adecuadamente.<\/li>\n\n\n\n<li><strong>Terceros<\/strong>: El acceso y transferencia de datos personales a terceros se llevan a cabo de acuerdo con las leyes y reglamentos aplicables y con las garant\u00edas contractuales adecuadas.<\/li>\n\n\n\n<li><strong>Marketing Directo y cookies<\/strong>: Cumplimos con la legislaci\u00f3n aplicable en materia de publicidad y cookies.<\/li>\n<\/ul>\n\n\n\n<h3 class=\"wp-block-heading\"><strong>4. RECOGIDA Y TRATAMIENTO DE SUS DATOS PERSONALES<\/strong><\/h3>\n\n\n\n<p>Los tipos de datos que se pueden solicitar y tratar son:<\/p>\n\n\n\n<ul class=\"wp-block-list\">\n<li>Datos de car\u00e1cter identificativo.<\/li>\n<\/ul>\n\n\n\n<p>Tambi\u00e9n recogemos de forma autom\u00e1tica datos sobre su visita a nuestro sitio web,\u00a0seg\u00fan se describe en la pol\u00edtica de cookies.<\/p>\n\n\n\n<p>Siempre que solicitemos sus Datos personales, le informaremos con claridad de qu\u00e9 datos personales recogemos y con qu\u00e9 fin. En general, recogemos y tratamos sus datos personales con el prop\u00f3sito de:<\/p>\n\n\n\n<ul class=\"wp-block-list\">\n<li>Proporcionar informaci\u00f3n, servicios, productos, informaci\u00f3n relevante y novedades en el sector.<\/li>\n\n\n\n<li>Env\u00edo de comunicaciones.<\/li>\n<\/ul>\n\n\n\n<h3 class=\"wp-block-heading\"><strong>5. LEGITIMIDAD<\/strong><\/h3>\n\n\n\n<p>De acuerdo con la normativa de protecci\u00f3n de datos aplicable, sus datos personales podr\u00e1n tratarse siempre que:<\/p>\n\n\n\n<ul class=\"wp-block-list\">\n<li>Nos ha dado su consentimiento a los efectos del tratamiento. Por supuesto, podr\u00e1 retirar su consentimiento en cualquier momento.<\/li>\n\n\n\n<li>Por requerimiento legal.<\/li>\n\n\n\n<li>Por existir un inter\u00e9s leg\u00edtimo que no se vea menoscabado por sus derechos de privacidad, como por ejemplo el env\u00edo de informaci\u00f3n comercial, bien por suscripci\u00f3n a nuestra newsletter o por su condici\u00f3n de cliente.<\/li>\n\n\n\n<li>Por ser necesaria para la prestaci\u00f3n de alguno de nuestros servicios mediante relaci\u00f3n contractual entre usted y nosotros.<\/li>\n<\/ul>\n\n\n\n<h3 class=\"wp-block-heading\"><strong>6. COMUNICACI\u00d3N DE DATOS PERSONALES<\/strong><\/h3>\n\n\n\n<p>Los datos pueden ser comunicados a empresas relacionadas con\u00a0<strong><strong>FUNDACI\u00d3N IBEROAMERICANA EMPRESARIAL-FUNDACAO IBEROAMERICANA EMPRESARIAL<\/strong><\/strong> para la prestaci\u00f3n de los diversos servicios en calidad de Encargados del Tratamiento. La empresa no realizar\u00e1 ninguna cesi\u00f3n, salvo por obligaci\u00f3n legal.<\/p>\n\n\n\n<h3 class=\"wp-block-heading\"><strong>7. SUS DERECHOS<\/strong><\/h3>\n\n\n\n<p>En relaci\u00f3n con la recogida y tratamiento de sus datos personales, puede ponerse en contacto con nosotros en cualquier momento para:<\/p>\n\n\n\n<ul class=\"wp-block-list\">\n<li>Acceder a sus datos personales y a cualquier otra informaci\u00f3n indicada en el Art\u00edculo 15.1 del RGPD.<\/li>\n\n\n\n<li>Rectificar sus datos personales que sean inexactos o est\u00e9n incompletos de acuerdo con el Art\u00edculo 16 del RGPD.<\/li>\n\n\n\n<li>Suprimir sus datos personales de acuerdo con el Art\u00edculo 17 del RGPD.<\/li>\n\n\n\n<li>Limitar el tratamiento de sus datos personales de acuerdo con el Art\u00edculo 18 del RGPD.<\/li>\n\n\n\n<li>Solicitar la portabilidad de sus datos de acuerdo con el Art\u00edculo 20 del <a href=\"https:\/\/presencialismo.com\/\"><u>RGPD<\/u><\/a>.<\/li>\n\n\n\n<li>Oponerse al tratamiento de sus datos personales de acuerdo con el art\u00edculo 21 del RGPD.<\/li>\n<\/ul>\n\n\n\n<p>Si ha otorgado su consentimiento para alguna finalidad concreta, tiene derecho a retirar el consentimiento otorgado en cualquier momento, sin que ello afecte a la licitud del tratamiento basado en el consentimiento previo a su retirada <a href=\"https:\/\/presencialismo.com\/\"><u>rrhh<\/u><\/a>.<\/p>\n\n\n\n<p>Puede ejercer estos derechos enviando comunicaci\u00f3n, motivada y acreditada, a <a href=\"tenda@scottishteam.com\"><u>direccion@iberoamericanaempresarial.org<\/u><\/a><\/p>\n\n\n\n<p>Tambi\u00e9n tiene derecho a presentar una reclamaci\u00f3n ante la Autoridad de control competente (<a href=\"https:\/\/aepd.es\/\"><u>www.aepd.es<\/u><\/a>) si&nbsp;considera que el tratamiento no se ajusta a la normativa vigente.<\/p>\n\n\n\n<h3 class=\"wp-block-heading\"><strong>8. INFORMACI\u00d3N LEGAL<\/strong><\/h3>\n\n\n\n<p>Los requisitos de esta Pol\u00edtica complementan, y no reemplazan, cualquier otro requisito existente bajo la ley de protecci\u00f3n de datos aplicable, que ser\u00e1 la que prevalezca en cualquier caso.<\/p>\n\n\n\n<p>Esta Pol\u00edtica est\u00e1 sujeta a revisiones peri\u00f3dicas y la empresa puede modificarla en cualquier momento. Cuando esto ocurra, le avisaremos de cualquier cambio y le pediremos que vuelva a leer la versi\u00f3n m\u00e1s reciente de nuestra Pol\u00edtica y que confirme su aceptaci\u00f3n.<\/p>\n\t\t\t\t\t\t\t\t<\/div>\n\t\t\t\t<\/div>\n\t\t\t\t\t<\/div>\n\t\t<\/div>\n\t\t\t\t\t<\/div>\n\t\t<\/section>\n\t\t\t\t<\/div>\n\t\t","protected":false},"excerpt":{"rendered":"<p>POL\u00cdTICA DE PRIVACIDAD 1.&nbsp;INFORMACI\u00d3N AL USUARIO Sociedad No Mercantil: FUNDACI\u00d3N IBEROAMERICANA EMPRESARIAL-FUNDACAO IBEROAMERICANA EMPRESARIAL, como Responsable del Tratamiento, le informa que, seg\u00fan lo dispuesto en el Reglamento (UE) 2016\/679, de 27 de abril, (RGPD) y en la L.O. 3\/2018, de 5 de diciembre, de protecci\u00f3n de datos y garant\u00eda de los derechos digitales (LOPDGDD), trataremos [&hellip;]<\/p>\n","protected":false},"author":3,"featured_media":0,"parent":0,"menu_order":0,"comment_status":"closed","ping_status":"closed","template":"","meta":{"footnotes":""},"class_list":["post-430","page","type-page","status-publish","hentry"],"_links":{"self":[{"href":"https:\/\/iberoamericanaempresarial.org\/index.php?rest_route=\/wp\/v2\/pages\/430","targetHints":{"allow":["GET"]}}],"collection":[{"href":"https:\/\/iberoamericanaempresarial.org\/index.php?rest_route=\/wp\/v2\/pages"}],"about":[{"href":"https:\/\/iberoamericanaempresarial.org\/index.php?rest_route=\/wp\/v2\/types\/page"}],"author":[{"embeddable":true,"href":"https:\/\/iberoamericanaempresarial.org\/index.php?rest_route=\/wp\/v2\/users\/3"}],"replies":[{"embeddable":true,"href":"https:\/\/iberoamericanaempresarial.org\/index.php?rest_route=%2Fwp%2Fv2%2Fcomments&post=430"}],"version-history":[{"count":10,"href":"https:\/\/iberoamericanaempresarial.org\/index.php?rest_route=\/wp\/v2\/pages\/430\/revisions"}],"predecessor-version":[{"id":449,"href":"https:\/\/iberoamericanaempresarial.org\/index.php?rest_route=\/wp\/v2\/pages\/430\/revisions\/449"}],"wp:attachment":[{"href":"https:\/\/iberoamericanaempresarial.org\/index.php?rest_route=%2Fwp%2Fv2%2Fmedia&parent=430"}],"curies":[{"name":"wp","href":"https:\/\/api.w.org\/{rel}","templated":true}]}}