{"id":62,"date":"2023-04-25T17:27:21","date_gmt":"2023-04-25T17:27:21","guid":{"rendered":"https:\/\/iberoamericanaempresarial.org\/?page_id=62"},"modified":"2023-11-02T15:57:27","modified_gmt":"2023-11-02T15:57:27","slug":"actividades","status":"publish","type":"page","link":"https:\/\/iberoamericanaempresarial.org\/?page_id=62","title":{"rendered":"Actividades"},"content":{"rendered":"\t\t<div data-elementor-type=\"wp-page\" data-elementor-id=\"62\" class=\"elementor elementor-62\" data-elementor-post-type=\"page\">\n\t\t\t\t\t\t<section class=\"elementor-section elementor-top-section elementor-element elementor-element-9f1a088 elementor-section-boxed elementor-section-height-default elementor-section-height-default\" data-id=\"9f1a088\" data-element_type=\"section\" data-e-type=\"section\" data-settings=\"{&quot;background_background&quot;:&quot;classic&quot;}\">\n\t\t\t\t\t\t\t<div class=\"elementor-background-overlay\"><\/div>\n\t\t\t\t\t\t\t<div class=\"elementor-container elementor-column-gap-default\">\n\t\t\t\t\t<div class=\"elementor-column elementor-col-100 elementor-top-column elementor-element elementor-element-2d7eaa5b\" data-id=\"2d7eaa5b\" data-element_type=\"column\" data-e-type=\"column\">\n\t\t\t<div class=\"elementor-widget-wrap\">\n\t\t\t\t\t\t\t<\/div>\n\t\t<\/div>\n\t\t\t\t\t<\/div>\n\t\t<\/section>\n\t\t\t\t<section class=\"elementor-section elementor-top-section elementor-element elementor-element-1d41743a elementor-section-boxed elementor-section-height-default elementor-section-height-default\" data-id=\"1d41743a\" data-element_type=\"section\" data-e-type=\"section\">\n\t\t\t\t\t\t<div class=\"elementor-container elementor-column-gap-default\">\n\t\t\t\t\t<div class=\"elementor-column elementor-col-100 elementor-top-column elementor-element elementor-element-60c9c653\" data-id=\"60c9c653\" data-element_type=\"column\" data-e-type=\"column\" data-settings=\"{&quot;background_background&quot;:&quot;classic&quot;}\">\n\t\t\t<div class=\"elementor-widget-wrap elementor-element-populated\">\n\t\t\t\t\t\t<div class=\"elementor-element elementor-element-287cfebf elementor-icon-list--layout-inline elementor-align-center elementor-list-item-link-full_width elementor-widget elementor-widget-icon-list\" data-id=\"287cfebf\" data-element_type=\"widget\" data-e-type=\"widget\" data-widget_type=\"icon-list.default\">\n\t\t\t\t<div class=\"elementor-widget-container\">\n\t\t\t\t\t\t\t<ul class=\"elementor-icon-list-items elementor-inline-items\">\n\t\t\t\t\t\t\t<li class=\"elementor-icon-list-item elementor-inline-item\">\n\t\t\t\t\t\t\t\t\t\t<span class=\"elementor-icon-list-text\">Home<\/span>\n\t\t\t\t\t\t\t\t\t<\/li>\n\t\t\t\t\t\t\t\t<li class=\"elementor-icon-list-item elementor-inline-item\">\n\t\t\t\t\t\t\t\t\t\t\t<span class=\"elementor-icon-list-icon\">\n\t\t\t\t\t\t\t<i aria-hidden=\"true\" class=\"icon icon-right-arrow2\"><\/i>\t\t\t\t\t\t<\/span>\n\t\t\t\t\t\t\t\t\t\t<span class=\"elementor-icon-list-text\">Actividades<\/span>\n\t\t\t\t\t\t\t\t\t<\/li>\n\t\t\t\t\t\t<\/ul>\n\t\t\t\t\t\t<\/div>\n\t\t\t\t<\/div>\n\t\t\t\t<div class=\"elementor-element elementor-element-1fae64f9 elementor-widget elementor-widget-heading\" data-id=\"1fae64f9\" data-element_type=\"widget\" data-e-type=\"widget\" data-widget_type=\"heading.default\">\n\t\t\t\t<div class=\"elementor-widget-container\">\n\t\t\t\t\t<h2 class=\"elementor-heading-title elementor-size-default\">Actividades<\/h2>\t\t\t\t<\/div>\n\t\t\t\t<\/div>\n\t\t\t\t\t<\/div>\n\t\t<\/div>\n\t\t\t\t\t<\/div>\n\t\t<\/section>\n\t\t\t\t<section class=\"elementor-section elementor-top-section elementor-element elementor-element-16eca190 elementor-section-boxed elementor-section-height-default elementor-section-height-default\" data-id=\"16eca190\" data-element_type=\"section\" data-e-type=\"section\">\n\t\t\t\t\t\t<div class=\"elementor-container elementor-column-gap-default\">\n\t\t\t\t\t<div class=\"elementor-column elementor-col-100 elementor-top-column elementor-element elementor-element-b28f85\" data-id=\"b28f85\" data-element_type=\"column\" data-e-type=\"column\">\n\t\t\t<div class=\"elementor-widget-wrap elementor-element-populated\">\n\t\t\t\t\t\t<div class=\"elementor-element elementor-element-2ca47574 elementor-widget-divider--view-line_text elementor-widget-divider--element-align-left elementor-widget elementor-widget-divider\" data-id=\"2ca47574\" data-element_type=\"widget\" data-e-type=\"widget\" data-widget_type=\"divider.default\">\n\t\t\t\t<div class=\"elementor-widget-container\">\n\t\t\t\t\t\t\t<div class=\"elementor-divider\">\n\t\t\t<span class=\"elementor-divider-separator\">\n\t\t\t\t\t\t\t<h6 class=\"elementor-divider__text elementor-divider__element\">\n\t\t\t\tActualizaci\u00f3n\t\t\t\t<\/h6>\n\t\t\t\t\t\t<\/span>\n\t\t<\/div>\n\t\t\t\t\t\t<\/div>\n\t\t\t\t<\/div>\n\t\t\t\t<div class=\"elementor-element elementor-element-18708a6f elementor-widget elementor-widget-heading\" data-id=\"18708a6f\" data-element_type=\"widget\" data-e-type=\"widget\" data-widget_type=\"heading.default\">\n\t\t\t\t<div class=\"elementor-widget-container\">\n\t\t\t\t\t<h2 class=\"elementor-heading-title elementor-size-default\">\u00daltimas actividades de la Fundaci\u00f3n<\/h2>\t\t\t\t<\/div>\n\t\t\t\t<\/div>\n\t\t\t\t<div class=\"elementor-element elementor-element-365e071 elementor-grid-3 elementor-grid-tablet-2 elementor-grid-mobile-1 elementor-posts--thumbnail-top elementor-widget elementor-widget-posts\" data-id=\"365e071\" data-element_type=\"widget\" data-e-type=\"widget\" data-settings=\"{&quot;pagination_type&quot;:&quot;numbers_and_prev_next&quot;,&quot;classic_columns&quot;:&quot;3&quot;,&quot;classic_columns_tablet&quot;:&quot;2&quot;,&quot;classic_columns_mobile&quot;:&quot;1&quot;,&quot;classic_row_gap&quot;:{&quot;unit&quot;:&quot;px&quot;,&quot;size&quot;:35,&quot;sizes&quot;:[]},&quot;classic_row_gap_tablet&quot;:{&quot;unit&quot;:&quot;px&quot;,&quot;size&quot;:&quot;&quot;,&quot;sizes&quot;:[]},&quot;classic_row_gap_mobile&quot;:{&quot;unit&quot;:&quot;px&quot;,&quot;size&quot;:&quot;&quot;,&quot;sizes&quot;:[]}}\" data-widget_type=\"posts.classic\">\n\t\t\t\t<div class=\"elementor-widget-container\">\n\t\t\t\t\t\t\t<div class=\"elementor-posts-container elementor-posts elementor-posts--skin-classic elementor-grid\" role=\"list\">\n\t\t\t\t<article class=\"elementor-post elementor-grid-item post-3621 post type-post status-publish format-standard has-post-thumbnail hentry category-sin-categoria\" role=\"listitem\">\n\t\t\t\t<a class=\"elementor-post__thumbnail__link\" href=\"https:\/\/iberoamericanaempresarial.org\/?p=3621\" tabindex=\"-1\" >\n\t\t\t<div class=\"elementor-post__thumbnail\"><img fetchpriority=\"high\" decoding=\"async\" width=\"800\" height=\"450\" src=\"https:\/\/iberoamericanaempresarial.org\/wp-content\/uploads\/2026\/05\/FIE-1-1024x576.jpeg\" class=\"attachment-large size-large wp-image-3620\" alt=\"\" srcset=\"https:\/\/iberoamericanaempresarial.org\/wp-content\/uploads\/2026\/05\/FIE-1-1024x576.jpeg 1024w, https:\/\/iberoamericanaempresarial.org\/wp-content\/uploads\/2026\/05\/FIE-1-300x169.jpeg 300w, https:\/\/iberoamericanaempresarial.org\/wp-content\/uploads\/2026\/05\/FIE-1-768x432.jpeg 768w, https:\/\/iberoamericanaempresarial.org\/wp-content\/uploads\/2026\/05\/FIE-1-1536x863.jpeg 1536w, https:\/\/iberoamericanaempresarial.org\/wp-content\/uploads\/2026\/05\/FIE-1-2048x1151.jpeg 2048w\" sizes=\"(max-width: 800px) 100vw, 800px\" \/><\/div>\n\t\t<\/a>\n\t\t\t\t<div class=\"elementor-post__text\">\n\t\t\t\t<h3 class=\"elementor-post__title\">\n\t\t\t<a href=\"https:\/\/iberoamericanaempresarial.org\/?p=3621\" >\n\t\t\t\tAbril 2026\t\t\t<\/a>\n\t\t<\/h3>\n\t\t\t\t<div class=\"elementor-post__excerpt\">\n\t\t\t<p>Reuni\u00f3n con Susana Sumelzo, Secretaria de Estado para Iberoam\u00e9rica y el Caribe y el Espa\u00f1ol en el Mundo, para analizar el avance de los preparativos<\/p>\n\t\t<\/div>\n\t\t\t\t<\/div>\n\t\t\t\t<\/article>\n\t\t\t\t<article class=\"elementor-post elementor-grid-item post-3599 post type-post status-publish format-standard has-post-thumbnail hentry category-sin-categoria\" role=\"listitem\">\n\t\t\t\t<a class=\"elementor-post__thumbnail__link\" href=\"https:\/\/iberoamericanaempresarial.org\/?p=3599\" tabindex=\"-1\" >\n\t\t\t<div class=\"elementor-post__thumbnail\"><img decoding=\"async\" width=\"800\" height=\"600\" src=\"https:\/\/iberoamericanaempresarial.org\/wp-content\/uploads\/2026\/03\/patronato-17-de-noviembre-de-2025-1024x768.jpg\" class=\"attachment-large size-large wp-image-3600\" alt=\"\" srcset=\"https:\/\/iberoamericanaempresarial.org\/wp-content\/uploads\/2026\/03\/patronato-17-de-noviembre-de-2025-1024x768.jpg 1024w, https:\/\/iberoamericanaempresarial.org\/wp-content\/uploads\/2026\/03\/patronato-17-de-noviembre-de-2025-300x225.jpg 300w, https:\/\/iberoamericanaempresarial.org\/wp-content\/uploads\/2026\/03\/patronato-17-de-noviembre-de-2025-768x576.jpg 768w, https:\/\/iberoamericanaempresarial.org\/wp-content\/uploads\/2026\/03\/patronato-17-de-noviembre-de-2025-1536x1152.jpg 1536w, https:\/\/iberoamericanaempresarial.org\/wp-content\/uploads\/2026\/03\/patronato-17-de-noviembre-de-2025-2048x1536.jpg 2048w\" sizes=\"(max-width: 800px) 100vw, 800px\" \/><\/div>\n\t\t<\/a>\n\t\t\t\t<div class=\"elementor-post__text\">\n\t\t\t\t<h3 class=\"elementor-post__title\">\n\t\t\t<a href=\"https:\/\/iberoamericanaempresarial.org\/?p=3599\" >\n\t\t\t\tNoviembre 2025\t\t\t<\/a>\n\t\t<\/h3>\n\t\t\t\t<div class=\"elementor-post__excerpt\">\n\t\t\t<p>Reuni\u00f3n de los miembros del Patronato de la Fundaci\u00f3n Iberoamericana Empresarial en la sede de MAPFRE.<\/p>\n\t\t<\/div>\n\t\t\t\t<\/div>\n\t\t\t\t<\/article>\n\t\t\t\t<article class=\"elementor-post elementor-grid-item post-3393 post type-post status-publish format-standard has-post-thumbnail hentry category-sin-categoria\" role=\"listitem\">\n\t\t\t\t<a class=\"elementor-post__thumbnail__link\" href=\"https:\/\/iberoamericanaempresarial.org\/?p=3393\" tabindex=\"-1\" >\n\t\t\t<div class=\"elementor-post__thumbnail\"><img decoding=\"async\" width=\"800\" height=\"600\" src=\"https:\/\/iberoamericanaempresarial.org\/wp-content\/uploads\/2025\/10\/1000011715-1024x768.jpg\" class=\"attachment-large size-large wp-image-3394\" alt=\"\" srcset=\"https:\/\/iberoamericanaempresarial.org\/wp-content\/uploads\/2025\/10\/1000011715-1024x768.jpg 1024w, https:\/\/iberoamericanaempresarial.org\/wp-content\/uploads\/2025\/10\/1000011715-300x225.jpg 300w, https:\/\/iberoamericanaempresarial.org\/wp-content\/uploads\/2025\/10\/1000011715-768x576.jpg 768w, https:\/\/iberoamericanaempresarial.org\/wp-content\/uploads\/2025\/10\/1000011715-1536x1152.jpg 1536w, https:\/\/iberoamericanaempresarial.org\/wp-content\/uploads\/2025\/10\/1000011715.jpg 2048w\" sizes=\"(max-width: 800px) 100vw, 800px\" \/><\/div>\n\t\t<\/a>\n\t\t\t\t<div class=\"elementor-post__text\">\n\t\t\t\t<h3 class=\"elementor-post__title\">\n\t\t\t<a href=\"https:\/\/iberoamericanaempresarial.org\/?p=3393\" >\n\t\t\t\tOctubre 2025\t\t\t<\/a>\n\t\t<\/h3>\n\t\t\t\t<div class=\"elementor-post__excerpt\">\n\t\t\t<p>Reuni\u00f3n de los miembros del patronato de la Fundaci\u00f3n con Susana Sumelzo, Secretaria de Estado para Iberoam\u00e9rica y el Caribe y el Espa\u00f1ol en el<\/p>\n\t\t<\/div>\n\t\t\t\t<\/div>\n\t\t\t\t<\/article>\n\t\t\t\t<article class=\"elementor-post elementor-grid-item post-3390 post type-post status-publish format-standard has-post-thumbnail hentry category-sin-categoria\" role=\"listitem\">\n\t\t\t\t<a class=\"elementor-post__thumbnail__link\" href=\"https:\/\/iberoamericanaempresarial.org\/?p=3390\" tabindex=\"-1\" >\n\t\t\t<div class=\"elementor-post__thumbnail\"><img loading=\"lazy\" decoding=\"async\" width=\"640\" height=\"480\" src=\"https:\/\/iberoamericanaempresarial.org\/wp-content\/uploads\/2025\/10\/UIMP-2025-1.jpg\" class=\"attachment-large size-large wp-image-3391\" alt=\"\" srcset=\"https:\/\/iberoamericanaempresarial.org\/wp-content\/uploads\/2025\/10\/UIMP-2025-1.jpg 640w, https:\/\/iberoamericanaempresarial.org\/wp-content\/uploads\/2025\/10\/UIMP-2025-1-300x225.jpg 300w\" sizes=\"(max-width: 640px) 100vw, 640px\" \/><\/div>\n\t\t<\/a>\n\t\t\t\t<div class=\"elementor-post__text\">\n\t\t\t\t<h3 class=\"elementor-post__title\">\n\t\t\t<a href=\"https:\/\/iberoamericanaempresarial.org\/?p=3390\" >\n\t\t\t\tJulio 2025\t\t\t<\/a>\n\t\t<\/h3>\n\t\t\t\t<div class=\"elementor-post__excerpt\">\n\t\t\t<p>X Encuentro de Empresas Multilatinas, celebrado en el marco de los cursos de verano de Santander en la Universidad Internacional Men\u00e9ndez Pelayo, con la participaci\u00f3n<\/p>\n\t\t<\/div>\n\t\t\t\t<\/div>\n\t\t\t\t<\/article>\n\t\t\t\t<article class=\"elementor-post elementor-grid-item post-3374 post type-post status-publish format-standard has-post-thumbnail hentry category-sin-categoria\" role=\"listitem\">\n\t\t\t\t<a class=\"elementor-post__thumbnail__link\" href=\"https:\/\/iberoamericanaempresarial.org\/?p=3374\" tabindex=\"-1\" >\n\t\t\t<div class=\"elementor-post__thumbnail\"><img loading=\"lazy\" decoding=\"async\" width=\"800\" height=\"468\" src=\"https:\/\/iberoamericanaempresarial.org\/wp-content\/uploads\/2025\/06\/IMG_E1522-1024x599.jpg\" class=\"attachment-large size-large wp-image-3375\" alt=\"\" srcset=\"https:\/\/iberoamericanaempresarial.org\/wp-content\/uploads\/2025\/06\/IMG_E1522-1024x599.jpg 1024w, https:\/\/iberoamericanaempresarial.org\/wp-content\/uploads\/2025\/06\/IMG_E1522-300x176.jpg 300w, https:\/\/iberoamericanaempresarial.org\/wp-content\/uploads\/2025\/06\/IMG_E1522-768x449.jpg 768w, https:\/\/iberoamericanaempresarial.org\/wp-content\/uploads\/2025\/06\/IMG_E1522-1536x899.jpg 1536w, https:\/\/iberoamericanaempresarial.org\/wp-content\/uploads\/2025\/06\/IMG_E1522-2048x1198.jpg 2048w\" sizes=\"(max-width: 800px) 100vw, 800px\" \/><\/div>\n\t\t<\/a>\n\t\t\t\t<div class=\"elementor-post__text\">\n\t\t\t\t<h3 class=\"elementor-post__title\">\n\t\t\t<a href=\"https:\/\/iberoamericanaempresarial.org\/?p=3374\" >\n\t\t\t\tMayo 2025\t\t\t<\/a>\n\t\t<\/h3>\n\t\t\t\t<div class=\"elementor-post__excerpt\">\n\t\t\t<p>Conversatorio \u00abDesaf\u00edos de la Seguridad Jur\u00eddica en Iberoam\u00e9rica\u00bb, organizado por SEGIB, FIE y la C\u00e1tedra de Cultura Jur\u00eddica de la Universitat de Girona, celebrado en<\/p>\n\t\t<\/div>\n\t\t\t\t<\/div>\n\t\t\t\t<\/article>\n\t\t\t\t<article class=\"elementor-post elementor-grid-item post-3370 post type-post status-publish format-standard has-post-thumbnail hentry category-sin-categoria\" role=\"listitem\">\n\t\t\t\t<a class=\"elementor-post__thumbnail__link\" href=\"https:\/\/iberoamericanaempresarial.org\/?p=3370\" tabindex=\"-1\" >\n\t\t\t<div class=\"elementor-post__thumbnail\"><img loading=\"lazy\" decoding=\"async\" width=\"800\" height=\"529\" src=\"https:\/\/iberoamericanaempresarial.org\/wp-content\/uploads\/2025\/06\/allamand-2025.jpg\" class=\"attachment-large size-large wp-image-3371\" alt=\"\" srcset=\"https:\/\/iberoamericanaempresarial.org\/wp-content\/uploads\/2025\/06\/allamand-2025.jpg 828w, https:\/\/iberoamericanaempresarial.org\/wp-content\/uploads\/2025\/06\/allamand-2025-300x198.jpg 300w, https:\/\/iberoamericanaempresarial.org\/wp-content\/uploads\/2025\/06\/allamand-2025-768x507.jpg 768w\" sizes=\"(max-width: 800px) 100vw, 800px\" \/><\/div>\n\t\t<\/a>\n\t\t\t\t<div class=\"elementor-post__text\">\n\t\t\t\t<h3 class=\"elementor-post__title\">\n\t\t\t<a href=\"https:\/\/iberoamericanaempresarial.org\/?p=3370\" >\n\t\t\t\tFebrero 2025\t\t\t<\/a>\n\t\t<\/h3>\n\t\t\t\t<div class=\"elementor-post__excerpt\">\n\t\t\t<p>Reuni\u00f3n en la SEGIB con el Secretario General Iberoamericano, Andr\u00e9s Allamand, para avanzar con nuestra agenda de temas clave para este a\u00f1o.<\/p>\n\t\t<\/div>\n\t\t\t\t<\/div>\n\t\t\t\t<\/article>\n\t\t\t\t<article class=\"elementor-post elementor-grid-item post-3353 post type-post status-publish format-standard has-post-thumbnail hentry category-sin-categoria\" role=\"listitem\">\n\t\t\t\t<a class=\"elementor-post__thumbnail__link\" href=\"https:\/\/iberoamericanaempresarial.org\/?p=3353\" tabindex=\"-1\" >\n\t\t\t<div class=\"elementor-post__thumbnail\"><img loading=\"lazy\" decoding=\"async\" width=\"800\" height=\"283\" src=\"https:\/\/iberoamericanaempresarial.org\/wp-content\/uploads\/2025\/02\/Foto-FIE_mod-1-1024x362.jpeg\" class=\"attachment-large size-large wp-image-3354\" alt=\"\" srcset=\"https:\/\/iberoamericanaempresarial.org\/wp-content\/uploads\/2025\/02\/Foto-FIE_mod-1-1024x362.jpeg 1024w, https:\/\/iberoamericanaempresarial.org\/wp-content\/uploads\/2025\/02\/Foto-FIE_mod-1-300x106.jpeg 300w, https:\/\/iberoamericanaempresarial.org\/wp-content\/uploads\/2025\/02\/Foto-FIE_mod-1-768x271.jpeg 768w, https:\/\/iberoamericanaempresarial.org\/wp-content\/uploads\/2025\/02\/Foto-FIE_mod-1-1536x543.jpeg 1536w, https:\/\/iberoamericanaempresarial.org\/wp-content\/uploads\/2025\/02\/Foto-FIE_mod-1.jpeg 1890w\" sizes=\"(max-width: 800px) 100vw, 800px\" \/><\/div>\n\t\t<\/a>\n\t\t\t\t<div class=\"elementor-post__text\">\n\t\t\t\t<h3 class=\"elementor-post__title\">\n\t\t\t<a href=\"https:\/\/iberoamericanaempresarial.org\/?p=3353\" >\n\t\t\t\tFebrero 2025\t\t\t<\/a>\n\t\t<\/h3>\n\t\t\t\t<div class=\"elementor-post__excerpt\">\n\t\t\t<p>Reuni\u00f3n de los miembros del Patronato con Susana Sumelzo, Secretaria de Estado para Iberoam\u00e9rica y el Caribe y el Espa\u00f1ol en el Mundo, para estudiar<\/p>\n\t\t<\/div>\n\t\t\t\t<\/div>\n\t\t\t\t<\/article>\n\t\t\t\t<article class=\"elementor-post elementor-grid-item post-3339 post type-post status-publish format-standard has-post-thumbnail hentry category-sin-categoria\" role=\"listitem\">\n\t\t\t\t<a class=\"elementor-post__thumbnail__link\" href=\"https:\/\/iberoamericanaempresarial.org\/?p=3339\" tabindex=\"-1\" >\n\t\t\t<div class=\"elementor-post__thumbnail\"><img loading=\"lazy\" decoding=\"async\" width=\"725\" height=\"1024\" src=\"https:\/\/iberoamericanaempresarial.org\/wp-content\/uploads\/2024\/12\/Informe-Getaway-web-725x1024.jpg\" class=\"attachment-large size-large wp-image-3340\" alt=\"\" srcset=\"https:\/\/iberoamericanaempresarial.org\/wp-content\/uploads\/2024\/12\/Informe-Getaway-web-725x1024.jpg 725w, https:\/\/iberoamericanaempresarial.org\/wp-content\/uploads\/2024\/12\/Informe-Getaway-web-212x300.jpg 212w, https:\/\/iberoamericanaempresarial.org\/wp-content\/uploads\/2024\/12\/Informe-Getaway-web-768x1085.jpg 768w, https:\/\/iberoamericanaempresarial.org\/wp-content\/uploads\/2024\/12\/Informe-Getaway-web-1087x1536.jpg 1087w, https:\/\/iberoamericanaempresarial.org\/wp-content\/uploads\/2024\/12\/Informe-Getaway-web-1450x2048.jpg 1450w, https:\/\/iberoamericanaempresarial.org\/wp-content\/uploads\/2024\/12\/Informe-Getaway-web-scaled.jpg 1812w\" sizes=\"(max-width: 725px) 100vw, 725px\" \/><\/div>\n\t\t<\/a>\n\t\t\t\t<div class=\"elementor-post__text\">\n\t\t\t\t<h3 class=\"elementor-post__title\">\n\t\t\t<a href=\"https:\/\/iberoamericanaempresarial.org\/?p=3339\" >\n\t\t\t\tDiciembre 2024\t\t\t<\/a>\n\t\t<\/h3>\n\t\t\t\t<div class=\"elementor-post__excerpt\">\n\t\t\t<p>Presentaci\u00f3n y entrega oficial al Secretario General Iberoamericano, Andr\u00e9s Allamand, por la Presidenta de la Fundaci\u00f3n Iberoamericana Empresarial, Trinidad Jim\u00e9nez, del documento elaborado desde FIE,<\/p>\n\t\t<\/div>\n\t\t\t\t<\/div>\n\t\t\t\t<\/article>\n\t\t\t\t<article class=\"elementor-post elementor-grid-item post-3305 post type-post status-publish format-standard has-post-thumbnail hentry category-sin-categoria\" role=\"listitem\">\n\t\t\t\t<a class=\"elementor-post__thumbnail__link\" href=\"https:\/\/iberoamericanaempresarial.org\/?p=3305\" tabindex=\"-1\" >\n\t\t\t<div class=\"elementor-post__thumbnail\"><img loading=\"lazy\" decoding=\"async\" width=\"800\" height=\"600\" src=\"https:\/\/iberoamericanaempresarial.org\/wp-content\/uploads\/2024\/10\/IMG_7398-web--1024x768.jpg\" class=\"attachment-large size-large wp-image-3303\" alt=\"\" srcset=\"https:\/\/iberoamericanaempresarial.org\/wp-content\/uploads\/2024\/10\/IMG_7398-web--1024x768.jpg 1024w, https:\/\/iberoamericanaempresarial.org\/wp-content\/uploads\/2024\/10\/IMG_7398-web--300x225.jpg 300w, https:\/\/iberoamericanaempresarial.org\/wp-content\/uploads\/2024\/10\/IMG_7398-web--768x576.jpg 768w, https:\/\/iberoamericanaempresarial.org\/wp-content\/uploads\/2024\/10\/IMG_7398-web-.jpg 1280w\" sizes=\"(max-width: 800px) 100vw, 800px\" \/><\/div>\n\t\t<\/a>\n\t\t\t\t<div class=\"elementor-post__text\">\n\t\t\t\t<h3 class=\"elementor-post__title\">\n\t\t\t<a href=\"https:\/\/iberoamericanaempresarial.org\/?p=3305\" >\n\t\t\t\tOctubre 2024\t\t\t<\/a>\n\t\t<\/h3>\n\t\t\t\t<div class=\"elementor-post__excerpt\">\n\t\t\t<p>Presentaci\u00f3n y entrega del informe \u00abTransformaci\u00f3n y Expansi\u00f3n de las Redes El\u00e9ctricas Inteligentes\u00bb al Secretario General Iberoamericano, Andr\u00e9s Allamand en la sede de la SEGIB.<\/p>\n\t\t<\/div>\n\t\t\t\t<\/div>\n\t\t\t\t<\/article>\n\t\t\t\t<\/div>\n\t\t\n\t\t\t\t<div class=\"e-load-more-anchor\" data-page=\"1\" data-max-page=\"10\" data-next-page=\"https:\/\/iberoamericanaempresarial.org\/index.php?rest_route=%2Fwp%2Fv2%2Fpages%2F62&#038;paged=2\"><\/div>\n\t\t\t\t<nav class=\"elementor-pagination\" aria-label=\"Pagination\">\n\t\t\t<span class=\"page-numbers prev\">&laquo; Anterior<\/span>\n<span aria-current=\"page\" class=\"page-numbers current\"><span class=\"elementor-screen-only\">Page<\/span>1<\/span>\n<a class=\"page-numbers\" href=\"https:\/\/iberoamericanaempresarial.org\/index.php\/?paged=2\"><span class=\"elementor-screen-only\">Page<\/span>2<\/a>\n<a class=\"page-numbers\" href=\"https:\/\/iberoamericanaempresarial.org\/index.php\/?paged=3\"><span class=\"elementor-screen-only\">Page<\/span>3<\/a>\n<a class=\"page-numbers\" href=\"https:\/\/iberoamericanaempresarial.org\/index.php\/?paged=4\"><span class=\"elementor-screen-only\">Page<\/span>4<\/a>\n<a class=\"page-numbers\" href=\"https:\/\/iberoamericanaempresarial.org\/index.php\/?paged=5\"><span class=\"elementor-screen-only\">Page<\/span>5<\/a>\n<a class=\"page-numbers\" href=\"https:\/\/iberoamericanaempresarial.org\/index.php\/?paged=6\"><span class=\"elementor-screen-only\">Page<\/span>6<\/a>\n<a class=\"page-numbers\" href=\"https:\/\/iberoamericanaempresarial.org\/index.php\/?paged=7\"><span class=\"elementor-screen-only\">Page<\/span>7<\/a>\n<a class=\"page-numbers\" href=\"https:\/\/iberoamericanaempresarial.org\/index.php\/?paged=8\"><span class=\"elementor-screen-only\">Page<\/span>8<\/a>\n<a class=\"page-numbers\" href=\"https:\/\/iberoamericanaempresarial.org\/index.php\/?paged=9\"><span class=\"elementor-screen-only\">Page<\/span>9<\/a>\n<a class=\"page-numbers\" href=\"https:\/\/iberoamericanaempresarial.org\/index.php\/?paged=10\"><span class=\"elementor-screen-only\">Page<\/span>10<\/a>\n<a class=\"page-numbers next\" href=\"https:\/\/iberoamericanaempresarial.org\/index.php?rest_route=%2Fwp%2Fv2%2Fpages%2F62&#038;paged=2\">Siguiente &raquo;<\/a>\t\t<\/nav>\n\t\t\t\t\t\t<\/div>\n\t\t\t\t<\/div>\n\t\t\t\t\t<\/div>\n\t\t<\/div>\n\t\t\t\t\t<\/div>\n\t\t<\/section>\n\t\t\t\t<section class=\"elementor-section elementor-top-section elementor-element elementor-element-1f480a5 elementor-section-full_width elementor-section-height-default elementor-section-height-default\" data-id=\"1f480a5\" data-element_type=\"section\" data-e-type=\"section\" data-settings=\"{&quot;background_background&quot;:&quot;classic&quot;}\">\n\t\t\t\t\t\t<div class=\"elementor-container elementor-column-gap-default\">\n\t\t\t\t\t<div class=\"elementor-column elementor-col-66 elementor-top-column elementor-element elementor-element-6353bb6\" data-id=\"6353bb6\" data-element_type=\"column\" data-e-type=\"column\">\n\t\t\t<div class=\"elementor-widget-wrap elementor-element-populated\">\n\t\t\t\t\t\t<div class=\"elementor-element elementor-element-5803ce4 elementor-widget elementor-widget-heading\" data-id=\"5803ce4\" data-element_type=\"widget\" data-e-type=\"widget\" data-widget_type=\"heading.default\">\n\t\t\t\t<div class=\"elementor-widget-container\">\n\t\t\t\t\t<h2 class=\"elementor-heading-title elementor-size-default\">Contacto<\/h2>\t\t\t\t<\/div>\n\t\t\t\t<\/div>\n\t\t\t\t<div class=\"elementor-element elementor-element-25fc203 elementor-widget elementor-widget-text-editor\" data-id=\"25fc203\" data-element_type=\"widget\" data-e-type=\"widget\" data-widget_type=\"text-editor.default\">\n\t\t\t\t<div class=\"elementor-widget-container\">\n\t\t\t\t\t\t\t\t\t<p>No dude en ponerse en contacto con nosotros para obtener m\u00e1s informaci\u00f3n.<\/p>\t\t\t\t\t\t\t\t<\/div>\n\t\t\t\t<\/div>\n\t\t\t\t\t<\/div>\n\t\t<\/div>\n\t\t\t\t<div class=\"elementor-column elementor-col-33 elementor-top-column elementor-element elementor-element-a2623db\" data-id=\"a2623db\" data-element_type=\"column\" data-e-type=\"column\">\n\t\t\t<div class=\"elementor-widget-wrap elementor-element-populated\">\n\t\t\t\t\t\t<div class=\"elementor-element elementor-element-1a0ee53 elementor-align-right elementor-widget elementor-widget-button\" data-id=\"1a0ee53\" data-element_type=\"widget\" data-e-type=\"widget\" data-widget_type=\"button.default\">\n\t\t\t\t<div class=\"elementor-widget-container\">\n\t\t\t\t\t\t\t\t\t<div class=\"elementor-button-wrapper\">\n\t\t\t\t\t<a class=\"elementor-button elementor-button-link elementor-size-sm\" href=\"https:\/\/iberoamericanaempresarial.org\/?page_id=63\">\n\t\t\t\t\t\t<span class=\"elementor-button-content-wrapper\">\n\t\t\t\t\t\t<span class=\"elementor-button-icon\">\n\t\t\t\t<i aria-hidden=\"true\" class=\"fas fa-arrow-right\"><\/i>\t\t\t<\/span>\n\t\t\t\t\t\t\t\t\t<span class=\"elementor-button-text\">Cont\u00e1ctenos <\/span>\n\t\t\t\t\t<\/span>\n\t\t\t\t\t<\/a>\n\t\t\t\t<\/div>\n\t\t\t\t\t\t\t\t<\/div>\n\t\t\t\t<\/div>\n\t\t\t\t\t<\/div>\n\t\t<\/div>\n\t\t\t\t\t<\/div>\n\t\t<\/section>\n\t\t\t\t<\/div>\n\t\t","protected":false},"excerpt":{"rendered":"<p>Home Actualizaci\u00f3n \u00daltimas actividades de la Fundaci\u00f3n Contacto No dude en ponerse en contacto con nosotros para obtener m\u00e1s informaci\u00f3n. Cont\u00e1ctenos<\/p>\n","protected":false},"author":3,"featured_media":0,"parent":0,"menu_order":0,"comment_status":"closed","ping_status":"closed","template":"","meta":{"footnotes":""},"class_list":["post-62","page","type-page","status-publish","hentry"],"_links":{"self":[{"href":"https:\/\/iberoamericanaempresarial.org\/index.php?rest_route=\/wp\/v2\/pages\/62","targetHints":{"allow":["GET"]}}],"collection":[{"href":"https:\/\/iberoamericanaempresarial.org\/index.php?rest_route=\/wp\/v2\/pages"}],"about":[{"href":"https:\/\/iberoamericanaempresarial.org\/index.php?rest_route=\/wp\/v2\/types\/page"}],"author":[{"embeddable":true,"href":"https:\/\/iberoamericanaempresarial.org\/index.php?rest_route=\/wp\/v2\/users\/3"}],"replies":[{"embeddable":true,"href":"https:\/\/iberoamericanaempresarial.org\/index.php?rest_route=%2Fwp%2Fv2%2Fcomments&post=62"}],"version-history":[{"count":95,"href":"https:\/\/iberoamericanaempresarial.org\/index.php?rest_route=\/wp\/v2\/pages\/62\/revisions"}],"predecessor-version":[{"id":3568,"href":"https:\/\/iberoamericanaempresarial.org\/index.php?rest_route=\/wp\/v2\/pages\/62\/revisions\/3568"}],"wp:attachment":[{"href":"https:\/\/iberoamericanaempresarial.org\/index.php?rest_route=%2Fwp%2Fv2%2Fmedia&parent=62"}],"curies":[{"name":"wp","href":"https:\/\/api.w.org\/{rel}","templated":true}]}}